{"id":3,"date":"2024-02-28T13:39:02","date_gmt":"2024-02-28T12:39:02","guid":{"rendered":"https:\/\/test.hermann-toast.de\/?page_id=3"},"modified":"2024-02-29T13:52:30","modified_gmt":"2024-02-29T12:52:30","slug":"datenschutzerklaerung","status":"publish","type":"page","link":"https:\/\/test.hermann-toast.de\/?page_id=3","title":{"rendered":"Datenschutzerkl\u00e4rung"},"content":{"rendered":"\n<p><br>Wir freuen uns \u00fcber Ihr Interesse an unserem Portal und unserer Einrichtung. Der Schutz Ihrer<br>personenbezogenen Daten bei der Erhebung, Verarbeitung und Nutzung anl\u00e4sslich Ihres Besuchs auf<br>unserem Portal ist uns ein wichtiges Anliegen. Wir haben technische und organisatorische Ma\u00dfnahmen getroffen, die sicherstellen, dass die Vorschriften \u00fcber den Datenschutz sowohl von uns, als auch von externen Dienstleistern beachtet werden. Wir m\u00f6chten Sie vorliegend \u00fcber Art, Umfang und Zweck der Erhebung und Verwendung Ihrer uns zur Verf\u00fcgung gestellten pers\u00f6nlichen Daten sowie \u00fcber deren Verarbeitung und Nutzung informieren.<\/p>\n\n\n\n<h2 class=\"wp-block-heading\">1. Erhebung und Verarbeitung von Daten<\/h2>\n\n\n\n<p>Personenbezogene Daten sind Informationen zu Ihrer Identit\u00e4t. Hierunter fallen z.B. Angaben wie Name, Adresse, Telefonnummer, E-Mail- Adresse. Generell k\u00f6nnen Sie unsere Website besuchen, ohne personenbezogene Daten zu hinterlassen, z.B. wenn Sie sich nur \u00fcber uns informieren wollen und die entsprechenden Seiten aufrufen.<\/p>\n\n\n\n<h2 class=\"wp-block-heading\">2. Zweckbestimmung, Nutzung und Weitergabe personenbezogener Daten<\/h2>\n\n\n\n<p>Soweit Sie uns personenbezogene Daten zur Verf\u00fcgung stellen, verwenden wir diese nur zur Beantwortung Ihrer Anfragen und zur Abwicklung von Hilfen o.\u00e4. sowie im Rahmen gesetzlicher Vorgaben. Wir werden die von Ihnen online zur Verf\u00fcgung gestellten personenbezogenen Daten nur f\u00fcr die Ihnen mitgeteilten Zwecke erheben, verarbeiten und nutzen. Ihre personenbezogenen Daten werden an Dritte nur weitergegeben oder sonst \u00fcbermittelt, wenn dies zum Zwecke der Durchf\u00fchrung der unter Punkt 2 Absatz 1 genannten T\u00e4tigkeiten erforderlich ist oder wenn Sie zuvor in die Weitergabe eingewilligt haben. Diese Dritten d\u00fcrfen die Daten nicht zu anderen Zwecken verwenden. Wir geben pers\u00f6nliche Daten \u00fcber Sie bekannt, wenn wir hierzu gesetzlich verpflichtet sind, bzw. sofern wir durch eine gerichtliche Entscheidung dazu verpflichtet sind oder wenn die Weitergabe erforderlich ist, um Vereinbarungen durchzusetzen oder unsere Interessen zu sch\u00fctzen. Dies gilt entsprechend in Bezug auf die Speicherung der Daten. Die Bekanntgabe der Daten erfolgt nicht zu wirtschaftlichen Zwecken. Unsere Mitarbeiter-innen und die von uns beauftragten Dienstleistungsunternehmen sind von uns zur Verschwiegenheit und zur Einhaltung der Bestimmungen des Datenschutzes verpflichtet. Der Zugriff auf personenbezogene Daten durch unsere Mitarbeiterinnen ist auf die Mitarbeiter-innen beschr\u00e4nkt, die die jeweiligen Daten aufgrund ihrer beruflichen Aufgaben ben\u00f6tigen.<\/p>\n\n\n\n<h2 class=\"wp-block-heading\">3. L\u00f6schung<\/h2>\n\n\n\n<p>Die L\u00f6schung gespeicherter personenbezogener Daten erfolgt, wenn Sie Ihre Einwilligung zur Speicherung widerrufen, wenn ihre Kenntnis zur Erf\u00fcllung des mit der Speicherung verfolgten Zwecks nicht mehr erforderlich ist oder wenn ihre Speicherung aus sonstigen gesetzlichen Gr\u00fcnden unzul\u00e4ssig ist, es sei denn gesetzliche Aufbewahrungsvorschriften sprechen gegen eine L\u00f6schung, dann tritt an Stelle der L\u00f6schung eine Sperrung der Daten.<\/p>\n\n\n\n<h2 class=\"wp-block-heading\">4. Auskunft<\/h2>\n\n\n\n<p>Auf schriftliche Anfrage informieren wir Sie gerne \u00fcber die zu Ihrer Person gespeicherten Daten. Wir sind bem\u00fcht, Ihre personenbezogenen Daten durch Ergreifung aller technischen und organisatorischen Ma\u00dfnahmen so zu speichern, dass diese f\u00fcr Dritte nicht zug\u00e4nglich sind. Bei der Kommunikation per E-Mail kann die vollst\u00e4ndige Datensicherheit nicht von uns gew\u00e4hrleistet sein, so dass wir Ihnen bei vertraulichen Informationen den Postweg empfehlen.<\/p>\n\n\n\n<h2 class=\"wp-block-heading\">5. \u00c4nderung unserer Datenschutzbestimmungen<\/h2>\n\n\n\n<p>Wir behalten uns das Recht vor, unsere Sicherheits-und Datenschutzma\u00dfnahmen zu ver\u00e4ndern, soweit dies wegen der technischen Entwicklung erforderlich wird. In diesen F\u00e4llen werden wir auch unsere Hinweise zum Datenschutz entsprechend anpassen. Bitte beachten Sie daher die jeweils aktuelle Version unserer Datenschutzerkl\u00e4rung.<\/p>\n\n\n\n<h2 class=\"wp-block-heading\">6. Cookies<\/h2>\n\n\n\n<p>Wenn Sie eine unserer Websites besuchen, kann es sein, dass wir Informationen in Form eines Cookies auf Ihrem Computer ablegen. Cookies sind kleine Text-Dateien, die von einem Webserver an Ihren Browser gesendet und auf die Festplatte Ihres Computers gespeichert werden. Diese in den Cookies gespeicherten Informationen dienen dazu, Sie bei Ihrem n\u00e4chsten Besuch auf unseren Websites automatisch wiederzuerkennen und dienen dazu, unser Angebot benutzerfreundlicher zu machen, beispielsweise Ihnen die Navigation zu erleichtern. Cookies erlauben es uns beispielsweise, eine Website Ihren Interessen anzupassen oder Ihr Kennwort zu speichern, damit Sie es nicht jedes Mal neu eingeben m\u00fcssen. Selbstverst\u00e4ndlich k\u00f6nnen Sie unsere Websites auch ohne Cookies betrachten. Wenn Sie nicht m\u00f6chten, dass wir Ihren Computer wiedererkennen, k\u00f6nnen Sie das Speichern von Cookies auf Ihrer Festplatte verhindern, indem Sie in Ihren Browser -Einstellungen \u201ckeine Cookies akzeptieren\u201d w\u00e4hlen. Wie das im Einzelnen funktioniert, entnehmen Sie bitte der Anleitung Ihres Browser Herstellers. Wenn Sie keine Cookies akzeptieren, kann dieses aber zu Funktionseinschr\u00e4nkungen unserer Angebote f\u00fchren.<\/p>\n\n\n\n<h2 class=\"wp-block-heading\">7. Links<\/h2>\n\n\n\n<p>Sofern Sie externe Links nutzen, die im Rahmen unserer Internetseiten angeboten werden, erstreckt sich diese Datenschutzerkl\u00e4rung nicht auf diese Links. Wenn wir Links anbieten, bem\u00fchen wir uns sicherzustellen, dass auch diese unsere Datenschutz-und Sicherheitsstandards einhalten. Wir haben jedoch keinen Einfluss auf die Einhaltung der Datenschutz und Sicherheitsbestimmungen durch andere Anbieter. Informieren Sie sich deshalb bitte auf den Internetseiten der anderen Anbieter, auch \u00fcber die dort bereitgestellten Datenschutzerkl\u00e4rungen. Trotz sorgf\u00e4ltiger inhaltlicher Kontrolle \u00fcbernimmt Frauen helfen Frauen Schwarzwald-Baar e.V. keine Haftung f\u00fcr die Inhalte externer Links. F\u00fcr den Inhalt der verlinkten Seiten sind ausschlie\u00dflich deren Betreiber verantwortlich.<\/p>\n\n\n\n<h2 class=\"wp-block-heading\">8. Kinder und Jugendliche<\/h2>\n\n\n\n<p>Personen unter 18 Jahren sollten grunds\u00e4tzlich keine personenbezogenen Daten ohne Zustimmung ihrer Eltern oder Erziehungsberechtigten an uns \u00fcbermitteln. Wir weisen des Weiteren ausdr\u00fccklich darauf hin, dass wir personenbezogene Daten von Kindern und Jugendlichen weder explizit anfordern noch sammeln oder an Dritte weitergeben.<\/p>\n\n\n\n<h2 class=\"wp-block-heading\">9. Verantwortliche Stelle \/ Widerspruchsrecht \/ Kontaktm\u00f6glichkeit<\/h2>\n\n\n\n<p>Sie k\u00f6nnen jederzeit Ihre Zustimmung zur Erhebung und Speicherung Ihrer personenbezogenen Daten durch uns widerrufen. Wenn Sie Fragen zu unserem Datenschutz oder Berichtigungs-und L\u00f6schungsw\u00fcnsche in Bezug auf Ihre Daten haben, k\u00f6nnen Sie diese gerne bei der Verwaltung oder der Leitung der Einrichtung vorbringen<\/p>\n","protected":false},"excerpt":{"rendered":"<p>Wir freuen uns \u00fcber Ihr Interesse an unserem Portal und unserer Einrichtung. Der Schutz Ihrerpersonenbezogenen Daten bei der Erhebung, Verarbeitung und Nutzung anl\u00e4sslich Ihres Besuchs &hellip;<\/p>\n","protected":false},"author":1,"featured_media":0,"parent":0,"menu_order":0,"comment_status":"closed","ping_status":"open","template":"","meta":{"footnotes":""},"class_list":["post-3","page","type-page","status-publish","hentry"],"_links":{"self":[{"href":"https:\/\/test.hermann-toast.de\/index.php?rest_route=\/wp\/v2\/pages\/3","targetHints":{"allow":["GET"]}}],"collection":[{"href":"https:\/\/test.hermann-toast.de\/index.php?rest_route=\/wp\/v2\/pages"}],"about":[{"href":"https:\/\/test.hermann-toast.de\/index.php?rest_route=\/wp\/v2\/types\/page"}],"author":[{"embeddable":true,"href":"https:\/\/test.hermann-toast.de\/index.php?rest_route=\/wp\/v2\/users\/1"}],"replies":[{"embeddable":true,"href":"https:\/\/test.hermann-toast.de\/index.php?rest_route=%2Fwp%2Fv2%2Fcomments&post=3"}],"version-history":[{"count":1,"href":"https:\/\/test.hermann-toast.de\/index.php?rest_route=\/wp\/v2\/pages\/3\/revisions"}],"predecessor-version":[{"id":41,"href":"https:\/\/test.hermann-toast.de\/index.php?rest_route=\/wp\/v2\/pages\/3\/revisions\/41"}],"wp:attachment":[{"href":"https:\/\/test.hermann-toast.de\/index.php?rest_route=%2Fwp%2Fv2%2Fmedia&parent=3"}],"curies":[{"name":"wp","href":"https:\/\/api.w.org\/{rel}","templated":true}]}}